base 9?
0
What is -45 (base 8) in base 6?
-101
1010 (base 2) to base 3
101
0 (base 15) to base 10
0
Convert 10100 (base 2) to base 16.
14
-3203 (base 5) to base 11
-35a
What is 2 (base 3) in base 12?
2
35 (base 9) to base 7
44
What is -4c (base 13) in base 6?
-144
Convert -1011 (base 2) to base 13.
-b
What is -2a (base 13) in base 16?
-24
Convert 110 (base 6) to base 10.
42
-10 (base 2) to base 12
-2
What is -8 (base 12) in base 10?
-8
Convert -4 (base 7) to base 4.
-10
What is 513 (base 7) in base 13?
168
Convert -1 (base 15) to base 6.
-1
Convert -3 (base 5) to base 11.
-3
193 (base 11) to base 5
1343
What is 26 (base 9) in base 8?
30
What is -10111 (base 2) in base 7?
-32
What is -2 (base 14) in base 12?
-2
Convert -11 (base 9) to base 3.
-101
What is -104 (base 14) in base 2?
-11001000
What is -9 (base 16) in base 15?
-9
Convert -100021 (base 3) to base 7.
-505
Convert 0 (base 3) to base 12.
0
What is 0 (base 9) in base 2?
0
Convert 4 (base 11) to base 7.
4
What is 4 (base 16) in base 10?
4
-5 (base 14) to base 13
-5
Convert 16 (base 11) to base 9.
18
What is -3 (base 10) in base 6?
-3
3 (base 13) to base 9
3
100010 (base 2) to base 11
31
-132 (base 6) to base 3
-2002
Convert 13 (base 4) to base 2.
111
Convert 145 (base 10) to base 11.
122
Convert 13 (base 11) to base 5.
24
-4 (base 5) to base 16
-4
What is 0 (base 4) in base 7?
0
-3 (base 15) to base 3
-10
What is 49 (base 12) in base 13?
45
What is -8 (base 11) in base 13?
-8
Convert -17 (base 8) to base 10.
-15
What is -31 (base 6) in base 10?
-19
What is 3 (base 15) in base 12?
3
110 (base 2) to base 9
6
11 (base 3) to base 9
4
What is 10111 (base 2) in base 15?
18
12 (base 6) to base 2
1000
1 (base 5) to base 9
1
Convert -1 (base 3) to base 4.
-1
What is 0 (base 9) in base 11?
0
What is 12 (base 9) in base 16?
b
What is 11 (base 9) in base 2?
1010
31 (base 16) to base 12
41
What is 1 (base 5) in base 12?
1
-2 (base 9) to base 2
-10
What is -1010 (base 4) in base 15?
-48
1 (base 6) to base 5
1
What is 46 (base 8) in base 10?
38
Convert 1 (base 12) to base 11.
1
1 (base 3) to base 16
1
What is -5 (base 9) in base 6?
-5
Convert 6 (base 8) to base 4.
12
Convert 103 (base 5) to base 2.
11100
Convert 52 (base 12) to base 8.
76
-124 (base 5) to base 7
-54
Convert -6 (base 14) to base 10.
-6
14 (base 9) to base 14
d
What is 2 (base 12) in base 4?
2
Convert -d5 (base 16) to base 11.
-184
Convert d (base 15) to base 4.
31
Convert 11 (base 6) to base 2.
111
-221 (base 4) to base 11
-38
10 (base 2) to base 8
2
Convert -42 (base 14) to base 10.
-58
112 (base 4) to base 6
34
Convert -2 (base 6) to base 4.
-2
Convert 10 (base 3) to base 14.
3
-134 (base 5) to base 8
-54
What is 1021 (base 3) in base 7?
46
What is -22 (base 14) in base 11?
-28
What is -10 (base 4) in base 2?
-100
-11112 (base 4) to base 11
-291
-6 (base 7) to base 9
-6
Convert -1 (base 13) to base 14.
-1
What is -1c (base 14) in base 7?
-35
What is -6 (base 7) in base 12?
-6
What is 1 (base 9) in base 4?
1
132 (base 9) to base 12
92
Convert 3 (base 9) to base 2.
11
Convert 3 (base 11) to base 6.
3
Convert 11101 (base 2) to base 13.
23
What is 0 (base 3) in base 6?
0
Convert -1 (base 16) to base 10.
-1
15a (base 12) to base 8
326
What is -3 (base 7) in base 11?
-3
4 (base 9) to base 15
4
What is -1 (base 14) in base 13?
-1
-9 (base 13) to base 6
-13
-36 (base 7) to base 3
-1000
Convert -5 (base 14) to base 16.
-5
What is -27 (base 9) in base 8?
-31
What is -11 (base 10) in base 5?
-21
What is -6d (base 14) in base 16?
-61
-58 (base 12) to base 4
-1010
Convert 4 (base 11) to base 4.
10
Convert -19 (base 10) to base 2.
-10011
What is -89 (base 14) in base 8?
-171
What is 1 (base 3) in base 16?
1
-203 (base 7) to base 11
-92
2 (base 10) to base 4
2
0 (base 2) to base 7
0
What is -3 (base 9) in base 7?
-3
What is 0 (base 15) in base 13?
0
-53 (base 11) to base 5
-213
Convert -48 (base 12) to base 11.
-51
What is 26 (base 10) in base 9?
28
-33 (base 11) to base 14
-28
3123 (base 4) to base 6
1003
What is 62 (base 9) in base 4?
320
-10 (base 10) to base 12
-a
-2a (base 13) to base 12
-30
-53 (base 12) to base 9
-70
Convert 120 (base 5) to base 7.
50
Convert 76 (base 16) to base 10.
118
Convert 3 (base 9) to base 13.
3
Convert 4 (base 13) to base 12.
4
1 (base 6) to base 8
1
What is 22 (base 14) in base 13?
24
-114 (base 6) to base 9
-51
What is 113 (base 6) in base 11?
41
What is 2d (base 14) in base 4?
221
3 (base 5) to base 12
3
What is -1000011 (base 2) in base 12?
-57
-3 (base 15) to base 8
-3
100 (base 2) to base 5
4
-10 (base 3) to base 12
-3
What is -1210 (base 3) in base 7?
-66
-a (base 15) to base 9
-11
Convert 5 (base 9) to base 11.
5
15 (base 6) to base 10
11
Convert 0 (base 4) to base 5.
0
What is 4 (base 14) in base 9?
4
What is -19 (base 13) in base 4?
-112
What is -111 (base 9) in base 4?
-1123
116 (base 9) to base 3
10120
-1 (base 11) to base 14
-1
-8 (base 9) to base 2
-1000
0 (base 11) to base 5
0
-e (base 15) to base 5
-24
What is -2 (base 10) in base 6?
-2
-111 (base 7) to base 12
-49
Convert -4 (base 7) to base 9.
-4
12 (base 13) to base 2
1111
Convert 55 (base 8) to base 5.
140
-10 (base 5) to base 16
-5
Convert -66 (base 15) to base 5.
-341
-c (base 14) to base 11
-11
Convert -3a (base 16) to base 12.
-4a
What is -1 (base 13) in base 5?
-1
What is -14 (base 8) in base 10?
-12
What is 125 (base 12) in base 13?
104
-3 (base 5) to base 2
-11
What is -3 (base 16) in base 3?
-10
Convert 1202 (base 6) to base 14.
16a
Convert 214 (base 6) to base 5.
312
Convert -20 (base 11) to base 13.
-19
465 (base 7) to base 9
300
-12 (base 3) to base 13
-5
What is -11 (base 13) in base 8?
-16
Convert -11000 (base 2) to base 8.
-30
-2 (base 14) to base 7
-2
22 (base 11) to base 5
44
-65 (base 7) to base 13
-38
1010 (base 2) to base 3
101
440 (base 7) to base 11
194
What is -230 (base 5) in base 12?
-55
What is -2 (base 13) in base 10?
-2
-d (base 14) to base 8
-15
Convert -11 (base 2) to base 8.
-3
-8 (base 9) to base 15
-8
What is -33 (base 7) in base 2?
-11000
2 (base 14) to base 15
2
2 (base 7) to base 4
2
Convert 1 (base 6) to base 7.
1
-1101 (base 2) to base 11
-12
What is -3 (base 16) in base 6?
-3
What is 15 (base 13) in base 4?
102
Convert -3b (base 14) to base 10.
-53
-18 (base 14) to base 2
-10110
What is 10 (base 5) in base 12?
5
What is 1 (base 16) in base 5?
1
Convert 160 (base 9) to base 16.
87
What is -101100 (base 2) in base 11?
-40
-10 (base 11) to base 14
-b
Convert -13 (base 14) to base 3.
-122
What is -3 (base 7) in base 13?
-3
-2 (base 8) to base 4
-2
33 (base 7) to base 15
19
44 (base 14) to base 12
50
What is -12 (base 3) in base 9?
-5
2 (base 14) to base 16
2
Convert -78 (base 9) to base 8.
-107
a1 (base 13) to base 4
2003
Convert -3 (base 4) to base 12.
-3
What is -12 (base 15) in base 12?
-15
What is -25 (base 7) in base 16?
-13
16 (base 16) to base 2
10110
What is -137 (base 8) in base 14?
-6b
Convert 7 (base 9) to base 13.
7
Convert -1 (base 7) to base 10.
-1
What is -3 (base 9) in base 2?
-11
7 (base 9) to base 10
7
201 (base 4) to base 9
36
Convert -3 (base 5) to base 11.
-3
What is 0 (base 11) in base 6?
0
Convert 102 (base 3) to base 5.
21
Convert -10 (base 6) to base 2.
-110
What is -2 (base 16) in base 12?
-2
Convert -15 (base 8) to base 16.
-d
4b (base 12) to base 10
59
What is 4 (base 16) in base 3?
11
Convert -3 (base 15) to base 10.
-3
Convert b (base 16) to base 13.
b
What is -10100 (base 2) in base 16?
-14
-100100 (base 2) to base 4
-210
Convert -200 (base 3) to base 12.
-16
What is -4 (base 14) in base 12?
-4
Convert -19 (base 12) to base 2.
-10101
What is 3 (base 13) in base 8?
3
-19 (base 15) to base 12
-20
-1 (base 6) to base 13
-1
Convert -14 (base 6) to base 12.
-a
Convert 3 (base 11) to base 7.
3
Convert -4 (base 10) to base 9.
-4
-60 (base 8) to base 5
-143
Convert 10 (base 6) to base 16.
6
What is -110 (base 4) in base 14?
-16
0 (base 7) to base 14
0
111 (base 10) to base 9
133
What is -105 (base 9) in base 5?
-321
What is -3 (base 14) in base 9?
-3
-4 (base 7) to base 2
-100
26 (base 11) to base 13
22
Convert -d (base 16) to base 2.
-1101
112 (base 3) to base 7
20
Convert -10 (base 2) to base 7.
-2
-22 (base 12) to base 5
-101
What is 2 (base 8) in base 4?
2
2b (base 12) to base 15
25